its digit of b(u)?
6
Suppose 8 = r + m - 3*m, -4*r + m = -4. Suppose 0 = y + 2*x - r*x - 163, 316 = 2*y + 2*x. What is the tens digit of y?
5
Let w be (-7)/((-63)/(-6)) - 1869/(-9). What is the tens digit of 2 + -2 + 5 + w?
1
Let t = -1019 - -1045. What is the units digit of t?
6
Let g be -1 + 2 - -9*1. Let h be (-2)/(-5) + 256/g. Suppose h = 3*r - r. What is the units digit of r?
3
Let w(g) = -969*g + 586. What is the tens digit of w(-6)?
0
Let i(w) = w - 9. Let b be (1 + 2)*(-9 + 5). Let z be i(b). Let n = 33 + z. What is the tens digit of n?
1
Let t = 217 - 122. Let h = -52 + t. What is the units digit of h?
3
Suppose 2*a + d - 434 = 0, 0 = 3*a + 5*d + 114 - 751. Suppose 4*z - a = -4*w + 141, -3*w = 12. What is the tens digit of z?
9
What is the units digit of -7732*(-4)/8 + 24/4?
2
Let a be (-2)/(-3) - (-21)/9. Let i(q) = a*q**2 - 3*q**2 + 4*q - q**3 + 4*q**2 + 5. What is the tens digit of i(4)?
2
Let q(t) = 2*t**3 - 8*t**2 + 14*t - 8. What is the hundreds digit of q(5)?
1
Let c = -14 - -1. Let p(n) = n - 9. Let v be p(c). What is the units digit of (v/(-1))/(4 + -3)?
2
Suppose 16 = -4*q + 2*o, -o - 16 = q - 6. Let c be q - -15 - 2/1. Suppose -c*d = -3*d - 72. What is the tens digit of d?
1
Let p = -51 - -52. Let x(k) = 22*k**3 + 3*k**2 - 3*k - 1. What is the units digit of x(p)?
1
Let p(s) = 239*s**3 - 1. Let r be p(1). Suppose -k - j + 133 = 0, 2*k - r = -0*j + 5*j. What is the units digit of k?
9
Suppose -24 = -5*x + 31. Suppose 17*f - 1488 = x*f. What is the units digit of f?
8
Let n(l) = 12*l - 49. Let q be n(22). Let i = q - 101. What is the tens digit of i?
1
Suppose 0 = 4*r - r + 36. Let k be (-88)/6*r/8. Let d = k - 14. What is the units digit of d?
8
Suppose -2*v = -n + 3*v + 266, 1064 = 4*n + v. Let q = n - 168. What is the tens digit of q?
9
Let u be -1 + -1 - 5/5. Let m = u + 45. What is the tens digit of m?
4
Let k(j) = -18*j**3 - j**2 - j. Let b(s) = s + 6. Let p be b(-5). Let v be (1 - 2)/(p/1). What is the tens digit of k(v)?
1
Let f be (1 - 0) + (-7 - -57). Suppose x = -0*x + f. Let b = -26 + x. What is the tens digit of b?
2
Suppose 33*d + 800 = 34*d. What is the units digit of d?
0
Suppose 0 = -4*v + r + 92, -2 = -r + 2. Suppose 4*u - 3*u + v = 0. Let a = u - -47. What is the tens digit of a?
2
Suppose y - 3*r - 1479 = 0, 3*y - 3*r - 3431 = 988. What is the thousands digit of y?
1
Suppose 3*d = d + 566. Suppose -4*w + d + 197 = 0. Suppose w = -k + 6*k. What is the units digit of k?
4
Suppose n - 23 + 1 = 0. Suppose 0 = -0*q + q + n. Let a = -13 - q. What is the units digit of a?
9
Let p(i) = -28*i. Let x(c) = c**2 + 9*c - 1. Let k be x(-9). Let h be p(k). Suppose v = -b + 6*v + h, -2*v - 58 = -3*b. What is the tens digit of b?
1
Let g(a) = a + 7 - 2 + 60*a**3 - 61*a**3. Let k be g(0). Suppose -2*u + k + 25 = 0. What is the tens digit of u?
1
Let c(i) = -i**3 - i**2 - 4*i + 9. Let o be c(0). Suppose -4*d - d - 5*h = 70, 0 = -2*d - 3*h - 25. Let g = o - d. What is the units digit of g?
6
Let q = 76 - 39. Let a = 72 - q. What is the tens digit of a?
3
Suppose 0*u = 4*u + 1448. What is the tens digit of u/(-2)*13/13?
8
Suppose 4*b - 3 - 9 = 0. Suppose b*j - 4 = -g + 5*j, 3 = -3*j. What is the units digit of g + (1 - 0 - -26)?
9
Let y = -16 + 84. Let a be (3*(-3)/(-9))/((-4)/4). What is the tens digit of 2*a/((-4)/y)?
3
Suppose -4*z + u + 352 + 175 = 0, 3*z + 4*u = 400. What is the units digit of z?
2
Let k(o) = 30*o + 4. Let x = -40 - -41. What is the tens digit of k(x)?
3
Suppose -28*r + 256 + 3972 = 0. What is the tens digit of r?
5
Let o(k) = k**3 + 12*k**2 - k - 25. Suppose -2*p - 32 = 5*b, -6*p - 2*b - 59 = -p. What is the hundreds digit of o(p)?
1
What is the thousands digit of 59610/18 - ((-136)/(-24) - 4)?
3
Let y = 459 + -70. What is the hundreds digit of y?
3
Let n = -5630 - -7962. What is the units digit of n?
2
Let h(l) = -l + 0 + 0*l - 2. What is the units digit of h(-5)?
3
Suppose 4*r = -3*j + 5*j - 40, 3*r = j - 31. What is the units digit of (-4449)/(-33) - (0 - (-2)/r)?
5
Suppose u - 114 = -f + 49, -4*f = 2*u - 648. Suppose -f = -z - 0*z + b, -b = 3. What is the hundreds digit of z?
1
What is the thousands digit of (43 + -2157)*(-2 + 6/4)?
1
Let j = 972 + -965. Let d be 4/6 + (-2)/3. Suppose j*o + 69 - 216 = d. What is the units digit of o?
1
Suppose -4*y + 239 = 5*i, -i = 2*y + 16 - 59. Let r = 80 - i. What is the tens digit of r?
2
Suppose o - g - 166 = 0, 2*g + 1031 = 4*o + 361. What is the hundreds digit of o?
1
Let h(c) be the first derivative of c**3 - 3*c**2 - 2*c + 1. Suppose -3 = -3*g, 11 = -3*o - 2*g + 4. What is the tens digit of h(o)?
4
Let q = -2669 - -5710. What is the units digit of q?
1
Let c(d) = 3*d**3 + 5*d**2 - 5*d - 4. Suppose -p = 5 - 7. What is the tens digit of c(p)?
3
Let c(k) = 5*k**2 + 30*k - 145. What is the hundreds digit of c(-26)?
4
Suppose -4*h + 9*h + 245 = 5*w, h + 4 = 0. Let c be 6/(-4)*(-840)/w. Let i = -5 + c. What is the units digit of i?
3
Let f = 442 + -53. What is the tens digit of f?
8
Suppose -3*s - 32 = s. Let g be 134/(-4)*s/4. Suppose d = 2*p - g, p - 2*d - 5 = 27. What is the tens digit of p?
3
Let j = 4368 + -2004. What is the tens digit of j?
6
Suppose -4*z - 3*l = -2504, -6*l - 626 = -z - 3*l. What is the hundreds digit of z?
6
Suppose 357 = 2*w - 411. What is the hundreds digit of w?
3
Suppose -5*h - 31 = -11. Let k be 4/16 + 25/h. Let p = -5 - k. What is the units digit of p?
1
Let m = -1186 + 1826. What is the tens digit of m?
4
Let r be 2/10 - (-68)/10. Suppose 0 = 9*t - r*t - 128. What is the units digit of t?
4
Suppose -3*b - b + 12 = 0. Suppose -15 + 3 = -b*f. Let g = 11 - f. What is the units digit of g?
7
Suppose -9 + 17 = 2*r. Suppose r*g - 676 = 4*a, g - 3*a - 194 + 21 = 0. What is the hundreds digit of g?
1
Let c = -79 - -46. Let f be (-2)/16 + c/(-8). Suppose f*i = -i + 275. What is the units digit of i?
5
Let i(g) = -3*g**3 + 2*g**2 + g. Let b be i(-1). Suppose -4 = -2*u + b*u. What is the units digit of ((-6)/5)/(u/20)?
2
Let q be 0/((-4)/(4 + -2)). Suppose 110 = x - 3*m, -2*m = -x + 5*x - 398. Suppose -4*s + 9*s - n - x = q, 96 = 5*s + 4*n. What is the units digit of s?
0
Let n(h) = 5*h**3 + 52*h**2 - 20*h + 14. What is the hundreds digit of n(-10)?
4
Let u = 807 - 445. What is the units digit of u?
2
Let a = -24 + 26. Suppose -3*d = 2*d - 2*r + 4, 0 = -d - a*r + 4. Suppose d = -3*j + 180 + 27. What is the units digit of j?
9
Suppose 0 = x - m - 54, x - 64 + 6 = 5*m. What is the units digit of x?
3
Let z(k) = 2*k**2 - 3*k. Let n(w) = 2*w**2 - 2*w - 2. Let d be n(2). Let g be z(d). Suppose -8 + 50 = g*r. What is the tens digit of r?
2
What is the units digit of (-40940)/(-12) + (0 - (-45)/(-27))?
0
Let c = -2532 - -4778. What is the units digit of c?
6
Let v = -847 - -1693. What is the tens digit of v?
4
Let i(q) = q**3 - 5*q**2 - 8*q + 10. Let j be i(6). What is the hundreds digit of (4 + j)*273/(3/1)?
1
What is the units digit of (1 + 2235/(-10))*12/(-10)?
7
Let a(q) = -29*q - 2. What is the hundreds digit of a(-27)?
7
Let z(i) = i - 5. Let k be z(7). Suppose 21 = u + k*u - n, -3*u + 27 = n. What is the units digit of u?
8
Let k be (-5)/(-10)*(1 + -1). Let w = k + -16. Let n = w - -36. What is the units digit of n?
0
Suppose 5*q = 4*f + 895, -3*f = 4*q - 3*q - 160. What is the units digit of q?
5
Let q be 1 + 1 - 1 - -10. Let c be (-51)/(-6) + (-2)/4. Let l = q - c. What is the units digit of l?
3
Let i(h) = -114*h + 3. Let t(s) = -s. Let k(b) = i(b) + 4*t(b). What is the units digit of k(-1)?
1
Suppose 8 + 8 = 4*v. Suppose v*i = 2*g + g + 9, i = 2*g + 1. What is the units digit of i?
3
Let m(z) = z**3 - 19*z**2 + 17*z + 40. Let k(f) = -f. Let c(j) = -3*k(j) - m(j). What is the units digit of c(18)?
2
Let n = -763 + 770. Let x(l) = -11*l - 12. Let t(b) = -b**2 - 21*b - 25. Let h(i) = 2*t(i) - 5*x(i). What is the units digit of h(n)?
3
Suppose -5*x = -3 - 37. What is the tens digit of 2/(x/(-12)) - -59?
5
Let n(l) = 458*l - 145. What is the units digit of n(5)?
5
Let t(u) = -u**2 + 38*u - 26. Let i be 4/(-14) - (382/(-14) - 1). What is the units digit of t(i)?
4
Suppose -56040 = 230*f - 250*f. What is the hundreds digit of f?
8
Let o(g) = g**3 + g**2 - 3*g - 1. Let z be o(-5). Let l = -16 - z. What is the units digit of l?
0
Let a(q) = -